{"id":391,"date":"2018-05-29T11:04:02","date_gmt":"2018-05-29T11:04:02","guid":{"rendered":"http:\/\/schreinerinnung-zak.de\/?page_id=391"},"modified":"2018-05-29T11:04:02","modified_gmt":"2018-05-29T11:04:02","slug":"datenschutz","status":"publish","type":"page","link":"https:\/\/schreinerinnung-zak.de\/?page_id=391","title":{"rendered":"Datenschutz"},"content":{"rendered":"<p><strong>Datenschutzerkl\u00e4rung<\/strong><\/p>\n<p>www.schreinerinnung-zak.de ist ein Internet-Angebot der Schreinerinnung Zollernalb. Die dazu notwendige Erhebung von Daten erfolgt im Rahmen der gesetzlichen Vorschriften; Einzelheiten dazu sind unter www.datenschutz.de zu finden. Werden \u00fcber eingerichtete Mitteilungs-, Bestell-, Kontakt- oder Anmeldeformulare pers\u00f6nliche Daten \u00fcbermittelt, werden diese nur zum jeweils angegebenen Zweck verwendet. Insbesondere erfolgt keine Weitergabe der Daten an Dritte, es sei denn, es liegt eine gesetzliche Verpflichtung oder ausdr\u00fcckliche Einwilligung vor.<\/p>\n<p><strong>Verarbeitung personenbezogener Daten<\/strong><\/p>\n<p>Bei jedem Zugriff auf eine Seite der Schreinerinnung Zollernal werden entsprechende Protokolldateien gespeichert. Diese Speicherung dient allein internen, systembezogenen und statistischen Zwecken. Dabei handelt es sich um die Verbindungsdaten des anfragenden Rechners, die gesuchten Webseiten, das Datum und die Dauer des Besuches, die Erkennungsdaten des verwendeten Browser- und Betriebssystems-Typs sowie die Webseite, von der die Verbindung ausgeht. Andere personenbezogene Angaben werden nicht erfasst. Die von Ihnen zur Verf\u00fcgung gestellten personenbezogenen Daten werden ausschlie\u00dflich f\u00fcr die technische Administration der Webseiten verwendet.<\/p>\n<p><strong>Kontaktformular<\/strong><\/p>\n<p>Zu unserem Internet-Angebot geh\u00f6rt die M\u00f6glichkeit der Kontaktaufnahme mittels eines Kontaktformulars. Die Verarbeitung der dadurch betroffenen Daten erfolgt ausschlie\u00dflich zur Durchf\u00fchrung Ihrer Kontaktanfrage. Sie beruht auf Art. 6 Abs. 1 f DSGVO (Datenschutzgrundverordnung). Unser berechtigtes Interesse liegt darin, Ihre Anfrage zu beantworten. Eine Weitergabe der Daten an Dritte findet nicht statt. Sobald die Bearbeitung Ihrer Kontaktanfrage abgeschlossen ist, werden die Daten gel\u00f6scht. Sie haben das Recht, der Verwendung Ihrer Daten zu diesem Zweck jederzeit zu widersprechen.<\/p>\n<p><strong>Newsletter<\/strong><\/p>\n<p>Soweit es um die Zusendung von Ihnen angeforderten Informationsmaterials geht, verarbeiten wir Ihre Daten zur Erledigung Ihrer Anfrage. Die Datenverarbeitung beruht auf Ihrer Einwilligung gem. Art. 6 Abs. 1 a DSGVO. Eine Weitergabe Ihrer Daten an Dritte findet nicht statt. Sobald die Bearbeitung Ihrer Anforderung abgeschlossen ist, werden die Daten gel\u00f6scht. Sie haben das Recht, der Verwendung Ihrer Daten zu diesem Zweck jederzeit zu widersprechen.<\/p>\n<p><strong>Cookies<\/strong><\/p>\n<p>Um die Dienstleistung im Rahmen unseres Internet-Angebots bestm\u00f6glich erbringen zu k\u00f6nnen, k\u00f6nnen Cookies zum Einsatz kommen. Dabei handelt es sich um kleine Textdateien, die im Internet-Browser des Besuchers gespeichert werden. Sie dienen der Wiedererkennung des Internet-Browsers, nicht aber der pers\u00f6nlichen Identifikation Ihrer Person. S\u00e4mtliche Daten werden ausschlie\u00dflich anonymisiert erfasst und beinhalten keine personenbezogenen Daten gem. Art. 4 Ziff. 1 DSGVO.<\/p>\n<p><strong>Ihre Rechte<\/strong><\/p>\n<p>Sie k\u00f6nnen jederzeit Auskunft \u00fcber Ihre von uns verarbeiteten personenbezogenen Daten beantragen, bei Unrichtigkeit dieser Daten deren Berichtigung und bei unzul\u00e4ssiger Datenspeicherung ihre L\u00f6schung fordern sowie Beschwerde bei der Aufsichtsbeh\u00f6rde einlegen. Au\u00dferdem k\u00f6nnen Sie jederzeit gegen die Verarbeitung Ihrer personenbezogenen Daten Widerspruch einlegen, soweit besondere Gr\u00fcnde vorliegen. Dar\u00fcber hinaus sind Sie berechtigt, uns gegen\u00fcber erteilte Einwilligungen &#8211; einzeln oder insgesamt &#8211; jederzeit mit Wirkung f\u00fcr die Zukunft zu widerrufen. Einen evtl. Widerruf senden Sie an dsgvo@akoba.de oder an eine andere nachfolgend aufgef\u00fchrte Kontaktm\u00f6glichkeit.<\/p>\n<p><strong>Ansprechpartner:<\/strong><\/p>\n<p>Schreinerinnung Zollern-Alb<br \/>\nGesch\u00e4ftstelle: Kreishandwerkerschaft Zollern-Alb<br \/>\nSitz: Albstadt-Ebingen, Bleuelwiesen 12\/1<br \/>\nK\u00f6rperschaft des \u00f6ffentlichen Rechts<br \/>\nGesch\u00e4ftsf\u00fchrer: J\u00fcrgen Gress<br \/>\ngress@khs-zak.de<\/p>\n<p><strong>Unser Datenschutzbeauftragter<\/strong><\/p>\n<p>Patric Konzelmann<br \/>\nGehrnstr. 8<br \/>\n72336 Balingen-Weilstetten<\/p>\n<p>Telefon: 07433 99 35 17<br \/>\ne-mail: dsgvo@akoba.de<\/p>\n","protected":false},"excerpt":{"rendered":"<p>Datenschutzerkl\u00e4rung www.schreinerinnung-zak.de ist ein Internet-Angebot der Schreinerinnung Zollernalb. Die dazu notwendige Erhebung von Daten erfolgt im Rahmen der gesetzlichen Vorschriften; Einzelheiten dazu sind unter www.datenschutz.de zu finden. Werden \u00fcber eingerichtete Mitteilungs-, Bestell-, Kontakt- oder Anmeldeformulare pers\u00f6nliche Daten \u00fcbermittelt, werden diese nur zum jeweils angegebenen Zweck verwendet. Insbesondere erfolgt keine Weitergabe der Daten an Dritte, es &hellip; <a href=\"https:\/\/schreinerinnung-zak.de\/?page_id=391\" class=\"more-link\"><span class=\"screen-reader-text\">Datenschutz<\/span> weiterlesen <span class=\"meta-nav\">&rarr;<\/span><\/a><\/p>\n","protected":false},"author":1,"featured_media":0,"parent":0,"menu_order":0,"comment_status":"closed","ping_status":"closed","template":"","meta":{"footnotes":""},"class_list":["post-391","page","type-page","status-publish","hentry"],"_links":{"self":[{"href":"https:\/\/schreinerinnung-zak.de\/index.php?rest_route=\/wp\/v2\/pages\/391","targetHints":{"allow":["GET"]}}],"collection":[{"href":"https:\/\/schreinerinnung-zak.de\/index.php?rest_route=\/wp\/v2\/pages"}],"about":[{"href":"https:\/\/schreinerinnung-zak.de\/index.php?rest_route=\/wp\/v2\/types\/page"}],"author":[{"embeddable":true,"href":"https:\/\/schreinerinnung-zak.de\/index.php?rest_route=\/wp\/v2\/users\/1"}],"replies":[{"embeddable":true,"href":"https:\/\/schreinerinnung-zak.de\/index.php?rest_route=%2Fwp%2Fv2%2Fcomments&post=391"}],"version-history":[{"count":1,"href":"https:\/\/schreinerinnung-zak.de\/index.php?rest_route=\/wp\/v2\/pages\/391\/revisions"}],"predecessor-version":[{"id":392,"href":"https:\/\/schreinerinnung-zak.de\/index.php?rest_route=\/wp\/v2\/pages\/391\/revisions\/392"}],"wp:attachment":[{"href":"https:\/\/schreinerinnung-zak.de\/index.php?rest_route=%2Fwp%2Fv2%2Fmedia&parent=391"}],"curies":[{"name":"wp","href":"https:\/\/api.w.org\/{rel}","templated":true}]}}